0 and 3390?
30
What is the greatest common factor of 72 and 46626?
6
What is the highest common factor of 2804 and 19?
1
What is the greatest common factor of 8370 and 2160?
270
What is the highest common divisor of 52573 and 551?
19
What is the highest common factor of 159 and 279098?
53
Calculate the greatest common factor of 666 and 4015758.
222
Calculate the highest common divisor of 22 and 44.
22
Calculate the greatest common divisor of 52255 and 175.
35
Calculate the highest common divisor of 10052 and 504.
28
What is the greatest common factor of 99185 and 2075?
415
Calculate the highest common divisor of 456 and 323.
19
Calculate the highest common factor of 12 and 43788.
12
Calculate the highest common factor of 18 and 8341830.
18
Calculate the greatest common divisor of 55 and 7405.
5
Calculate the highest common divisor of 165325 and 11900.
425
What is the highest common factor of 84 and 1238384?
28
What is the highest common factor of 79 and 86?
1
What is the highest common factor of 23907 and 299?
13
Calculate the greatest common divisor of 34099 and 215.
43
What is the highest common factor of 176891 and 143?
143
Calculate the highest common factor of 568 and 213.
71
What is the greatest common divisor of 29354 and 3120?
26
What is the greatest common factor of 86 and 35174?
86
Calculate the greatest common factor of 1926 and 2560938.
642
Calculate the greatest common divisor of 1957 and 50749.
19
What is the greatest common divisor of 219734 and 12127?
181
What is the greatest common factor of 392 and 41209?
49
What is the highest common factor of 716587 and 2807?
401
Calculate the greatest common factor of 1240 and 11720.
40
What is the greatest common factor of 12803 and 1652?
413
Calculate the highest common divisor of 3205640 and 40.
40
What is the highest common divisor of 17215 and 3630?
55
Calculate the greatest common factor of 78 and 612742.
26
Calculate the greatest common divisor of 1372216 and 301.
43
Calculate the greatest common factor of 5746 and 11747.
17
Calculate the greatest common divisor of 22 and 979.
11
Calculate the highest common divisor of 241 and 307757.
241
Calculate the highest common divisor of 5002 and 738.
82
Calculate the highest common factor of 74481 and 1647.
183
Calculate the greatest common factor of 4446 and 13091.
247
Calculate the highest common divisor of 4356 and 7524.
396
What is the greatest common factor of 2084 and 166199?
521
What is the greatest common divisor of 19430 and 493?
29
Calculate the highest common divisor of 182 and 139860.
14
Calculate the greatest common factor of 2145 and 116545.
715
What is the highest common factor of 840 and 966840?
840
What is the highest common factor of 60019 and 141?
47
What is the greatest common factor of 7790 and 451?
41
What is the highest common factor of 2310 and 2904?
66
What is the highest common factor of 8757 and 106335?
1251
What is the greatest common divisor of 1226 and 2786698?
1226
What is the highest common factor of 7 and 274498?
7
Calculate the highest common factor of 228 and 519688.
76
Calculate the greatest common factor of 23673825 and 25.
25
What is the greatest common factor of 556346 and 588?
98
Calculate the greatest common divisor of 1287858 and 11.
11
What is the highest common divisor of 1892 and 45064?
172
What is the greatest common divisor of 177 and 20001?
177
Calculate the greatest common divisor of 29 and 1614749.
29
What is the highest common factor of 5075 and 3451?
203
Calculate the highest common factor of 816 and 510.
102
Calculate the highest common divisor of 194467 and 455.
91
Calculate the greatest common factor of 6390 and 132930.
90
Calculate the highest common divisor of 3654 and 4662.
126
Calculate the greatest common divisor of 130 and 67145.
65
Calculate the greatest common factor of 80 and 558560.
80
What is the greatest common factor of 32852 and 129?
43
What is the highest common factor of 2890 and 2975?
85
Calculate the greatest common divisor of 125 and 14515.
5
Calculate the greatest common divisor of 138204 and 1188.
396
What is the greatest common factor of 1160165 and 85?
85
Calculate the greatest common factor of 880 and 410.
10
Calculate the greatest common factor of 4760 and 1155.
35
What is the greatest common factor of 713 and 2480?
31
Calculate the greatest common factor of 4847728 and 32.
16
Calculate the greatest common divisor of 51 and 24965418.
51
Calculate the highest common factor of 56095 and 130.
65
Calculate the highest common divisor of 51165 and 945.
135
What is the greatest common factor of 11730 and 5980?
230
What is the highest common factor of 1400 and 18310?
10
Calculate the greatest common factor of 900 and 94950.
450
Calculate the greatest common factor of 430 and 128.
2
What is the highest common divisor of 920 and 4945?
115
What is the highest common factor of 500434 and 4048?
506
Calculate the greatest common factor of 20 and 611400.
20
What is the highest common factor of 2796 and 7524735?
699
What is the highest common divisor of 71448 and 546?
78
What is the highest common divisor of 61004 and 606?
202
What is the highest common divisor of 66456 and 3600?
72
What is the highest common divisor of 326927 and 85?
17
What is the highest common divisor of 848 and 562648?
424
What is the greatest common divisor of 435340 and 20?
20
What is the highest common divisor of 90 and 1491120?
90
What is the greatest common factor of 26 and 1912612?
26
Calculate the highest common factor of 53075 and 125.
25
Calculate the highest common factor of 41420 and 2470.
190
What is the highest common factor of 531 and 3776?
59
Calculate the greatest common factor of 722194 and 748.
374
Calculate the highest common divisor of 15637 and 304.
19
What is the highest common factor of 18189 and 45?
9
What is the highest common factor of 26901 and 1089?
9
What is the highest common divisor of 134 and 21172?
134
Calculate the highest common factor of 713051 and 513.
19
What is the highest common factor of 145 and 430070?
145
What is the highest common divisor of 2077 and 54436?
31
What is the greatest common factor of 18291 and 2211?
201
Calculate the highest common factor of 1381344 and 96.
96
Calculate the greatest common divisor of 279148 and 3648.
76
What is the highest common factor of 360 and 4065?
15
Calculate the greatest common divisor of 441 and 3250611.
441
What is the highest common divisor of 58 and 51388?
58
What is the greatest common factor of 356 and 4456052?
356
What is the highest common divisor of 1605748 and 916?
916
Calculate the greatest common factor of 168 and 1558032.
168
What is the highest common divisor of 591549 and 105?
21
What is the highest common divisor of 127701 and 35?
7
Calculate the greatest common factor of 1197 and 96292.
133
Calculate the greatest common divisor of 170308 and 4.
4
What is the greatest common factor of 86158 and 46?
46
What is the highest common factor of 3296 and 1920?
32
Calculate the highest common factor of 31746 and 370.
74
Calculate the greatest common factor of 55942 and 2075.
83
Calculate the highest common factor of 125 and 43675.
25
Calculate the highest common divisor of 2718 and 162.
18
What is the highest common divisor of 12 and 12393312?
12
What is the highest common divisor of 16974 and 222138?
738
What is the highest common divisor of 12585892 and 22?
22
What is the greatest common divisor of 2720 and 11120?
80
What is the highest common factor of 572 and 1331?
11
What is the greatest common factor of 2560 and 370?
10
Calculate the highest common factor of 120260 and 140.
140
Calculate the greatest common factor of 1022380 and 8500.
340
What is the highest common factor of 1312725 and 50?
25
What is the highest common factor of 6784 and 371?
53
Calculate the greatest common factor of 1338600 and 391.
23
What is the greatest common divisor of 32552 and 13260?
52
Calculate the highest common factor of 1085 and 1799147.
217
What is the greatest common factor of 2695 and 78841?
49
What is the greatest common factor of 929 and 2?
1
What is the highest common factor of 13904 and 1110582?
1738
Calculate the greatest common factor of 282 and 32289.
141
Calculate the greatest common factor of 3 and 401955.
3
What i